9
What is the remainder when 22088 is divided by 1698?
14
Calculate the remainder when 1682 is divided by 310.
132
Calculate the remainder when 90308 is divided by 785.
33
Calculate the remainder when 649 is divided by 31.
29
What is the remainder when 10122 is divided by 65?
47
What is the remainder when 3217 is divided by 279?
148
What is the remainder when 5062 is divided by 391?
370
What is the remainder when 3539 is divided by 3536?
3
Calculate the remainder when 1178 is divided by 97.
14
What is the remainder when 218547 is divided by 465?
462
What is the remainder when 1351 is divided by 116?
75
Calculate the remainder when 5103 is divided by 643.
602
What is the remainder when 10370 is divided by 157?
8
What is the remainder when 1653 is divided by 518?
99
What is the remainder when 18037 is divided by 516?
493
Calculate the remainder when 104509 is divided by 55.
9
Calculate the remainder when 5614 is divided by 80.
14
Calculate the remainder when 36113 is divided by 3008.
17
What is the remainder when 12178 is divided by 94?
52
What is the remainder when 33544 is divided by 53?
48
What is the remainder when 202658 is divided by 1252?
1086
Calculate the remainder when 2494 is divided by 9.
1
Calculate the remainder when 4561 is divided by 642.
67
What is the remainder when 450904 is divided by 25?
4
What is the remainder when 97 is divided by 65?
32
Calculate the remainder when 3441 is divided by 587.
506
Calculate the remainder when 14288 is divided by 67.
17
What is the remainder when 125774 is divided by 225?
224
What is the remainder when 1665 is divided by 41?
25
Calculate the remainder when 510 is divided by 4.
2
What is the remainder when 65312 is divided by 30?
2
What is the remainder when 8644 is divided by 189?
139
Calculate the remainder when 247 is divided by 79.
10
What is the remainder when 13373 is divided by 352?
349
Calculate the remainder when 204624 is divided by 1895.
1859
Calculate the remainder when 7018 is divided by 22.
0
Calculate the remainder when 1896 is divided by 901.
94
What is the remainder when 5246 is divided by 159?
158
Calculate the remainder when 23610 is divided by 7847.
69
What is the remainder when 68860 is divided by 16?
12
What is the remainder when 204762 is divided by 994?
992
What is the remainder when 20610 is divided by 28?
2
What is the remainder when 36466 is divided by 730?
696
Calculate the remainder when 3502 is divided by 1904.
1598
Calculate the remainder when 26997 is divided by 502.
391
What is the remainder when 46013 is divided by 259?
170
What is the remainder when 32831 is divided by 48?
47
What is the remainder when 336919 is divided by 896?
23
Calculate the remainder when 6954 is divided by 98.
94
Calculate the remainder when 1062 is divided by 250.
62
Calculate the remainder when 10874 is divided by 83.
1
Calculate the remainder when 5428 is divided by 2705.
18
Calculate the remainder when 16148 is divided by 489.
11
Calculate the remainder when 930 is divided by 406.
118
What is the remainder when 4635 is divided by 23?
12
What is the remainder when 69453 is divided by 7707?
90
Calculate the remainder when 24779 is divided by 12239.
301
What is the remainder when 11047 is divided by 1383?
1366
What is the remainder when 4180 is divided by 247?
228
Calculate the remainder when 19089 is divided by 230.
229
Calculate the remainder when 108548 is divided by 1723.
1722
Calculate the remainder when 3528 is divided by 254.
226
Calculate the remainder when 1603 is divided by 1028.
575
What is the remainder when 5592 is divided by 16?
8
What is the remainder when 2993 is divided by 1491?
11
Calculate the remainder when 6567 is divided by 71.
35
What is the remainder when 186556 is divided by 2870?
6
What is the remainder when 737979 is divided by 3127?
7
Calculate the remainder when 17337 is divided by 14.
5
Calculate the remainder when 3507 is divided by 181.
68
What is the remainder when 18786325 is divided by 1113?
1111
What is the remainder when 52312 is divided by 3269?
8
What is the remainder when 14663 is divided by 125?
38
What is the remainder when 6122 is divided by 1915?
377
What is the remainder when 198239 is divided by 472?
471
What is the remainder when 10461 is divided by 114?
87
Calculate the remainder when 270029 is divided by 5.
4
What is the remainder when 165607 is divided by 163?
162
Calculate the remainder when 41365 is divided by 1879.
27
Calculate the remainder when 150901 is divided by 383.
382
What is the remainder when 3857 is divided by 527?
168
Calculate the remainder when 39858 is divided by 1022.
0
What is the remainder when 20681 is divided by 175?
31
Calculate the remainder when 289609 is divided by 34.
31
What is the remainder when 3494 is divided by 184?
182
What is the remainder when 92764 is divided by 90?
64
Calculate the remainder when 1886 is divided by 1219.
667
Calculate the remainder when 8655 is divided by 45.
15
Calculate the remainder when 4633 is divided by 146.
107
What is the remainder when 17091 is divided by 231?
228
Calculate the remainder when 12826806 is divided by 248.
246
Calculate the remainder when 975 is divided by 26.
13
Calculate the remainder when 11279 is divided by 3734.
77
What is the remainder when 30044 is divided by 35?
14
Calculate the remainder when 30378 is divided by 30342.
36
Calculate the remainder when 8019 is divided by 4001.
17
What is the remainder when 12521 is divided by 392?
369
What is the remainder when 2979 is divided by 2975?
4
What is the remainder when 117642 is divided by 650?
642
What is the remainder when 171895 is divided by 122?
119
Calculate the remainder when 4842 is divided by 603.
18
Calculate the remainder when 67290 is divided by 33637.
16
Calculate the remainder when 2862 is divided by 716.
714
What is the remainder when 4120093 is divided by 15?
13
What is the remainder when 1990 is divided by 182?
170
What is the remainder when 3198 is divided by 559?
403
Calculate the remainder when 815076 is divided by 140.
136
What is the remainder when 1856 is divided by 880?
96
Calculate the remainder when 15127 is divided by 7534.
59
Calculate the remainder when 2537 is divided by 843.
8
Calculate the remainder when 7733 is divided by 233.
44
What is the remainder when 35800 is divided by 17868?
64
What is the remainder when 763305 is divided by 38?
37
Calculate the remainder when 196234 is divided by 623.
612
What is the remainder when 6040 is divided by 403?
398
Calculate the remainder when 8719 is divided by 104.
87
What is the remainder when 16782 is divided by 2383?
101
What is the remainder when 61531 is divided by 496?
27
Calculate the remainder when 29391 is divided by 142.
139
What is the remainder when 60523 is divided by 75?
73
What is the remainder when 18540 is divided by 38?
34
Calculate the remainder when 7274 is divided by 1454.
4
Calculate the remainder when 6790 is divided by 116.
62
What is the remainder when 1689 is divided by 218?
163
What is the remainder when 27822 is divided by 119?
95
Calculate the remainder when 19914 is divided by 234.
24
What is the remainder when 2752 is divided by 200?
152
What is the remainder when 5223 is divided by 1840?
1543
What is the remainder when 15361 is divided by 1022?
31
What is the remainder when 41349 is divided by 21?
0
What is the remainder when 99662 is divided by 339?
335
Calculate the remainder when 50210 is divided by 152.
50
Calculate the remainder when 477409 is divided by 253.
251
What is the remainder when 1062 is divided by 200?
62
What is the remainder when 45213 is divided by 13?
12
What is the remainder when 60539 is divided by 52?
11
What is the remainder when 17157 is divided by 46?
45
What is the remainder when 3922 is divided by 77?
72
Calculate the remainder when 327965 is divided by 4.
1
Calculate the remainder when 1250939 is divided by 7.
4
What is the remainder when 1093960 is divided by 11?
10
What is the remainder when 1547 is divided by 8?
3
What is the remainder when 41230 is divided by 244?
238
Calculate the remainder when 1831 is divided by 180.
31
Calculate the remainder when 2586111 is divided by 249.
246
Calculate the remainder when 497858 is divided by 44.
42
What is the remainder when 13111 i